r of 220 and r?
44
Let a(k) = 6*k - 101. Let l = -659 - -676. Let o be a(l). Calculate the highest common factor of 47 and o.
1
Suppose 0 = p - 0*c - 5*c - 454, 1328 = 3*p + 2*c. Let w = p + -416. What is the highest common divisor of 364 and w?
28
Let a = -1 + 4. Suppose 2*h - 3*q + 4*q = 69, -5*h + 167 = -a*q. Suppose 10024 = 217*n - 1043. What is the greatest common factor of h and n?
17
Let f(l) = 114*l + 1110. Let v be f(-5). Calculate the greatest common factor of v and 420.
60
Suppose -5*a = 4 - 4. Suppose a = x + 3, 3*x = 4*j + 4*x - 129. Suppose -14*h = -10*h - 88. What is the highest common factor of j and h?
11
Let n be ((-834)/(-18))/((-8)/72*-3). Calculate the highest common divisor of 8479 and n.
139
Let f = 45 - 43. Let s be (5 + -1 + 24)/f. Suppose 47 + 2 = 7*g. Calculate the highest common divisor of g and s.
7
Let m be (-11)/(-55) + 568/10 - (-10)/(-2). Calculate the highest common factor of 15236 and m.
52
Suppose 4*c = t, 2*t + 6*t = 4*t + 16. Calculate the highest common divisor of c and 887.
1
Let w(v) = -2*v + 54. Let x be w(0). Suppose 3*m = -6*m + x. Suppose m*c + 28 = 7*c. Calculate the highest common factor of c and 42.
14
Let c = -2806 + 3198. Suppose 31 = 4*l - 1. Calculate the greatest common factor of c and l.
8
Let l be (1 + 3)*(-6)/8 - (82 - 425). What is the highest common divisor of l and 500?
20
Suppose 6*c - 2*c = r - 79, 4*c - 5*r + 91 = 0. Let t = 20 + c. Let v be (t/(-3))/(10/(-180)). What is the highest common divisor of v and 30?
6
Let v = 47 + -23. Suppose 2*l = i - 3*l + v, -2*i - l = -7. Let s be 1/2 - (i - 100/8). Calculate the highest common factor of s and 30.
6
Let f = -1850 - -6470. Calculate the greatest common divisor of f and 120.
60
Let o(g) = 121*g. Let h be o(2). Suppose 78 = 4*s + 5*t, -s + 243*t + 18 = 245*t. What is the greatest common divisor of s and h?
22
Let v be -32*(75/(-20) - -2). What is the greatest common divisor of v and 826?
14
Let t = 6857 + -5309. What is the greatest common factor of 576 and t?
36
Let l = -148 - -159. Let w be 231/l + -5*1. Calculate the greatest common divisor of w and 72.
8
Let h be ((-60)/(-100))/((-2)/(-10)). Suppose 0 = -4*p + 3*g + 230, h*g - 2*g = -2. What is the greatest common divisor of 14 and p?
14
Suppose 5*n = 5*o + 5, 2*o - 4*n + 20 = 6*o. Let k be o/(-8) - 195/(-12). Let q be 1/(-2) - 6358/(-44). Calculate the greatest common factor of q and k.
16
Let v(d) = 10*d**3 - 8*d**2 + 11*d. Suppose 2*t - 10 = 7*h - 3*h, 2*t + 5*h = 1. Let k be v(t). What is the greatest common factor of k and 63?
21
Let m be 86/(-1376) - (-561)/16. What is the highest common divisor of m and 20?
5
Suppose 116 = -51*o + 575. Calculate the highest common factor of o and 36.
9
Suppose -2*s + 0 = -40. Let l(m) = -m**3 + 6*m**2 - 3*m + 58. Let u be l(6). What is the highest common divisor of s and u?
20
Suppose 0 = -5*q + 215 + 165. Suppose 0 = m - q + 71. Let l be 2*(-1)/m - (-1816)/40. Calculate the highest common divisor of 30 and l.
15
Suppose -11*s = -9*s + 4. Let i be 3 + 2 + (-644)/(-4) - s. Suppose 8*n - 21 = 7*n. Calculate the highest common divisor of n and i.
21
Suppose -170 = -2*l + c, l + 0*c - 70 = 3*c. Calculate the greatest common divisor of l and 32.
8
Suppose -7*o - 97 + 363 = 0. Suppose 0 = 2*y - 2*u - 18, -13*y + 10*y - 5*u + 3 = 0. What is the highest common divisor of y and o?
2
Let h be (-90)/(-135) + (-802)/(-3). Let f = -250 + h. What is the highest common divisor of f and 63?
9
Suppose 161 - 185 = 3*y. Let q be (-1 - y)/(3/(-384)*-4). Let j = 28 - -4. Calculate the greatest common divisor of j and q.
32
Let r be (2639/(-14))/13*(24 - 30). Calculate the greatest common factor of r and 58.
29
Let p = 71 + -67. Suppose p*f + 3*j - 523 = 0, -f + 45 = j - 85. Let m = 265 - f. What is the highest common factor of 33 and m?
33
Let j(k) = -110*k - 626. Let n be j(-6). Calculate the highest common factor of n and 5525.
17
Let d be -2 + 51 + 0 + 1. Suppose -227*u + 1210 = -226*u - 4*g, -2*u - 4*g = -2420. Let p = -1200 + u. Calculate the greatest common divisor of d and p.
10
Let k = -683 + 1682. Calculate the highest common divisor of 54 and k.
27
Let f = -7984 + 12528. Calculate the greatest common factor of f and 71.
71
Suppose 95*x - 1534 = 38 - 242. What is the highest common divisor of x and 5054?
14
Suppose 0 = 2*c + 219*q - 222*q - 93, 4 = -4*q. Calculate the highest common factor of 27 and c.
9
Let f(u) = 408*u - 3558. Let b be f(9). What is the highest common divisor of b and 570?
114
Let z(k) = -k**3 - 27*k**2 - 6*k - 29. Let f be z(-27). Suppose 3 = p, -5*n - 11*p + f = -10*p. What is the highest common divisor of n and 286?
26
Suppose -5*f - 4 = -79. Suppose 5*r + 22 = u, 0 = 9*u - 13*u + 3*r + 54. Calculate the highest common divisor of f and u.
3
Suppose -5*x - 196 = -51. Let h(q) = -2*q + 170. Let y be h(x). Calculate the highest common divisor of 12 and y.
12
Suppose 0 = -7*r - 15*r + 1650. What is the highest common factor of r and 765?
15
Let y be (-1)/(-5) - (17 + 15132/(-65)). What is the highest common factor of 1674 and y?
54
Let l(z) = z**3 - 12*z**2 - 19*z + 3. Let j be l(15). Suppose 2*x + 2*x = 2*o + 1522, x - j = 3*o. Calculate the greatest common divisor of x and 36.
18
Suppose -3*b - 5*o + 46 = 0, -5*b - 23*o = -21*o - 64. Let v be 2049/4 + -1 + 9/b. Calculate the greatest common divisor of v and 96.
32
Let g = 51295 + -41220. Calculate the greatest common factor of g and 39.
13
Let z = 246 + -218. Suppose -z = 5*t - 53. Calculate the greatest common factor of 80 and t.
5
Suppose 4*h + 162 = -77*w + 82*w, 2*w = -3*h + 51. What is the greatest common divisor of w and 1290?
30
Let d(x) = x**2 - 50*x + 729. Let t be d(71). What is the greatest common divisor of 777 and t?
111
Suppose 0 = 2*x - 14*x + 720. Suppose 4*z - 159 = c, 4*z + 0*z - 2*c - 158 = 0. Calculate the greatest common divisor of z and x.
20
Let h = 1302 - 1081. Suppose 0 = -t - 4*t + 65. What is the highest common factor of h and t?
13
Let d be (-4)/(231/392 - (-10)/(-14)). What is the highest common divisor of 2008 and d?
8
Let z be 3*(-15)/(-6)*(-16)/(-3). Let o = 58 - z. Calculate the highest common factor of o and 126.
18
Let o(i) = 32*i**2 - 13*i - 41. Let l be o(-3). Let x(j) = j**2 + 2*j - 13. Let c be x(-7). Calculate the greatest common divisor of l and c.
22
Suppose 6207 = 100*x - 97*x - 3*u, 0 = -3*x - u + 6203. What is the greatest common factor of x and 88?
44
Suppose 0 = -2*t + 14 + 26. Let y = -119087 + 119162. Calculate the highest common factor of t and y.
5
Let x be ((-18)/(-10))/((-18)/(-90)). Suppose 3*t + x = 0, -t = y + 4*y - 1327. Calculate the greatest common divisor of y and 14.
14
Let x(m) = 5*m**2 + 72*m + 219. Let u be x(-39). Calculate the greatest common divisor of 152 and u.
152
Let b(c) = -c**2 + 7*c - 6. Let d be b(6). Suppose 3*v = -d*v + 252. Suppose 0 = 7*h - 3*h - 84. What is the highest common factor of h and v?
21
Suppose -220*m + 1480111 = 29651. What is the greatest common factor of m and 19?
19
Let h(c) = -c**3 + 20*c**2 + 21*c - 9. Let d be h(9). Calculate the highest common divisor of 765 and d.
153
Let j be 3422/354 + (-10)/6 + 1. What is the highest common divisor of 67 and j?
1
Let v be 8 - (2 - (-2 - -2)). Let w = -37839 - -37845. What is the highest common factor of w and v?
6
Let y = -247 - -311. Let t be y/6*4/((-8)/(-3)). Suppose g - 62 = 66. Calculate the highest common factor of g and t.
16
Suppose 19*q = 25*q + 48. Let n be 1043 + ((-384)/(-8))/q. What is the greatest common factor of 17 and n?
17
Suppose 4986 = 30*l + 1506. What is the highest common divisor of l and 812?
116
Let q(l) = -11*l - 137. Suppose 0 = -34*o + 16*o - 234. Let j be q(o). What is the greatest common factor of 78 and j?
6
Let h(l) = -2*l**3 - 45*l**2 + 2251*l - 96. Let x be h(24). Suppose r - 66 = -2*r + 2*j, -r + 30 = 2*j. Calculate the highest common factor of r and x.
24
Suppose -93*c + 79*c + 87 + 39 = 0. Suppose -2*p - 4*b = 6, 4*b = -0*p - 4*p. What is the highest common divisor of c and p?
3
Let g(l) = -372*l + 2167. Let f be g(4). Calculate the highest common factor of f and 119.
7
Suppose 0 = -7953*w + 8006*w - 1431. What is the greatest common divisor of w and 3897?
9
Let s(f) = 6380*f**2 + 7*f + 6. Let c be s(-2). Wha